{"id":1804,"date":"2021-02-12T13:21:54","date_gmt":"2021-02-12T10:21:54","guid":{"rendered":"https:\/\/nliven.com.tr\/?page_id=1804"},"modified":"2021-02-12T13:59:17","modified_gmt":"2021-02-12T10:59:17","slug":"kurumsal","status":"publish","type":"page","link":"https:\/\/nliven.com.tr\/?page_id=1804","title":{"rendered":"Kurumsal"},"content":{"rendered":"<p>[vc_row][vc_column][vc_column_text css_animation=&#8221;fadeInLeft&#8221;]<\/p>\n<h3 style=\"font-family: 'Playfair Display'; font-weight: 400; font-style: normal; text-transform: none; letter-spacing: 0px; font-size: 35px; text-align: center;\">Kurumsal<\/h3>\n<p>[\/vc_column_text][vc_row_inner css=&#8221;.vc_custom_1613127368846{margin-bottom: 32px !important;}&#8221;][vc_column_inner][vc_column_text css_animation=&#8221;fadeInRight&#8221;]<\/p>\n<h3 style=\"font-family: 'Playfair Display'; font-weight: 400; font-style: normal; text-transform: none; letter-spacing: 0px; font-size: 35px; text-align: left;\">Kalite Politikam\u0131z<\/h3>\n<ul>\n<li>Y\u00fcksek kalitede \u00fcr\u00fcnler \u00fcreterek evlerinde bulunmaktan mutluluk duydu\u011fumuz nihai t\u00fcketicilerimizin<\/li>\n<li>Sorunsuz \u00fcr\u00fcnler sunma ve hizmet verme anlay\u0131\u015f\u0131m\u0131z ile ma\u011fazalar\u0131nda bulunmaktan keyif ald\u0131\u011f\u0131m\u0131z i\u015fletmeci ortaklar\u0131m\u0131z\u0131n<\/li>\n<li>En Y\u00fcksek kalitedeki hammaddeleri bize sunan ve \u00fcretimimizin do\u011fal bir par\u00e7as\u0131 olan tedarik\u00e7ilerimizin<\/li>\n<li>\u00c7al\u0131\u015fma ortam\u0131 ve ko\u015fullar\u0131n\u0131 s\u00fcrekli g\u00f6zetti\u011fimiz, \u00fcr\u00fcnlerimiz i\u00e7in b\u00fcy\u00fck bir emek ve \u00f6zen g\u00f6steren \u00e7al\u0131\u015fanlar\u0131m\u0131z\u0131n<\/li>\n<li>\u00c7evre duyarl\u0131l\u0131\u011f\u0131m\u0131z ve yasal d\u00fczenlemelere istisnas\u0131z uyum g\u00f6steren y\u00f6netim anlay\u0131\u015f\u0131m\u0131z ile m\u00fc\u015fterilerimizin ihtiya\u00e7 ve beklentilerini kar\u015f\u0131lamak i\u00e7in \u00e7al\u0131\u015f\u0131yoruz.<\/li>\n<\/ul>\n<p>[\/vc_column_text][vc_column_text css_animation=&#8221;fadeInUp&#8221;]<\/p>\n<h3 style=\"font-family: 'Playfair Display'; font-weight: 400; font-style: normal; text-transform: none; letter-spacing: 0px; font-size: 35px; text-align: left;\">Tarih\u00e7emiz<\/h3>\n<p class=\"l-height-26 font-16 mb-30\">Firmam\u0131z yakla\u015f\u0131k olarak 39 y\u0131ldan bu yana hizmet vermektedir. 25 000 m2 kapal\u0131 alanda her t\u00fcrl\u00fc ev mobilyas\u0131 \u00fcretmektedir. Firmam\u0131z sekt\u00f6r\u00fcn\u00fcn \u00f6nde gelen kurulu\u015flar\u0131ndan biri olup kaliteden \u00f6d\u00fcn vermeden gen\u00e7 ve dinamik kadrosuyla, her ge\u00e7en g\u00fcn yenilenen modelleriyle \u00fclke \u00e7ap\u0131ndaki ba\u015far\u0131s\u0131n\u0131 yurt d\u0131\u015f\u0131na da ta\u015f\u0131may\u0131 ba\u015farm\u0131\u015ft\u0131r.<\/p>\n<p>[\/vc_column_text][\/vc_column_inner][\/vc_row_inner][\/vc_column][\/vc_row][vc_row content_placement=&#8221;middle&#8221;][vc_column width=&#8221;1\/2&#8243;]\n\t\t\t<div class=\"promo-banner text-left vertical-alignment-top banner- hover- color-scheme-light \"  >\n\n\t\t\t\t<div class=\"main-wrapp-img\">\n\t\t\t\t\t<div class=\"banner-image\">\n\t\t\t\t\t\t\t\t\t\t\t\t\t\t\t\t\t\t\t\t\t<img loading=\"lazy\" decoding=\"async\" class=\"promo-banner-image image-1 \" src=\"https:\/\/nliven.com.tr\/wp-content\/uploads\/2021\/02\/satis-370x513.jpg\" width=\"370\" height=\"513\" alt=\"satis\" title=\"satis\" \/>\t\t\t\t\t\t\t\t\t\t\t\t\t\t\t\t\t\t<\/div>\n\t\t\t\t<\/div>\n\n\t\t\t\t<div class=\"wrapper-content-baner\">\n\t\t\t\t\t<div class=\"banner-inner\">\n\t\t\t\t\t\t\t\t\t\t\t<\/div>\n\t\t\t\t<\/div>\n\n\t\t\t<\/div>\n\n\n\t\t[\/vc_column][vc_column width=&#8221;1\/2&#8243;][vc_column_text]<\/p>\n<div class=\"floatleft\">\n<h5 class=\"we-sami uppercase mb-15\">NLIVEN<\/h5>\n<\/div>\n<h3 style=\"text-align: left; font-family: Montserrat;\">Sat\u0131\u015f Sonras\u0131 Hizmet Yeterlilik Belgesi<\/h3>\n<p style=\"text-align: left; font-family: Montserrat;\">Sat\u0131\u015f sonras\u0131 hizmetlerimizin yeterlilik belgesi.<\/p>\n<p>[\/vc_column_text][\/vc_column][\/vc_row][vc_row content_placement=&#8221;middle&#8221;][vc_column width=&#8221;1\/2&#8243;][vc_column_text]<\/p>\n<div class=\"floatleft\">\n<h5 class=\"we-sami uppercase mb-15\">NLIVEN<\/h5>\n<\/div>\n<h3 style=\"text-align: left; font-family: Montserrat;\">Marka Tescil Belgemiz<\/h3>\n<p style=\"text-align: left; font-family: Montserrat;\">Markam\u0131z\u0131n T\u00fcrkiye&#8217;de ve d\u00fcnyada bir adet oldu\u011funu g\u00f6steren belgemiz.<\/p>\n<p>[\/vc_column_text][\/vc_column][vc_column width=&#8221;1\/2&#8243;]\n\t\t\t<div class=\"promo-banner text-left vertical-alignment-top banner- hover- color-scheme-light \"  >\n\n\t\t\t\t<div class=\"main-wrapp-img\">\n\t\t\t\t\t<div class=\"banner-image\">\n\t\t\t\t\t\t\t\t\t\t\t\t\t\t\t\t\t\t\t\t\t<img loading=\"lazy\" decoding=\"async\" class=\"promo-banner-image image-1 \" src=\"https:\/\/nliven.com.tr\/wp-content\/uploads\/2021\/02\/markab-370x513.jpg\" width=\"370\" height=\"513\" alt=\"markab\" title=\"markab\" \/>\t\t\t\t\t\t\t\t\t\t\t\t\t\t\t\t\t\t<\/div>\n\t\t\t\t<\/div>\n\n\t\t\t\t<div class=\"wrapper-content-baner\">\n\t\t\t\t\t<div class=\"banner-inner\">\n\t\t\t\t\t\t\t\t\t\t\t<\/div>\n\t\t\t\t<\/div>\n\n\t\t\t<\/div>\n\n\n\t\t[\/vc_column][\/vc_row][vc_row content_placement=&#8221;middle&#8221;][vc_column width=&#8221;1\/2&#8243;]\n\t\t\t<div class=\"promo-banner text-left vertical-alignment-top banner- hover- color-scheme-light \"  >\n\n\t\t\t\t<div class=\"main-wrapp-img\">\n\t\t\t\t\t<div class=\"banner-image\">\n\t\t\t\t\t\t\t\t\t\t\t\t\t\t\t\t\t\t\t\t\t<img loading=\"lazy\" decoding=\"async\" class=\"promo-banner-image image-1 \" src=\"https:\/\/nliven.com.tr\/wp-content\/uploads\/2021\/02\/hizmet-370x513.jpg\" width=\"370\" height=\"513\" alt=\"hizmet\" title=\"hizmet\" \/>\t\t\t\t\t\t\t\t\t\t\t\t\t\t\t\t\t\t<\/div>\n\t\t\t\t<\/div>\n\n\t\t\t\t<div class=\"wrapper-content-baner\">\n\t\t\t\t\t<div class=\"banner-inner\">\n\t\t\t\t\t\t\t\t\t\t\t<\/div>\n\t\t\t\t<\/div>\n\n\t\t\t<\/div>\n\n\n\t\t[\/vc_column][vc_column width=&#8221;1\/2&#8243;][vc_column_text]<\/p>\n<div class=\"floatleft\">\n<h5 class=\"we-sami uppercase mb-15\">NLIVEN<\/h5>\n<\/div>\n<h3 style=\"text-align: left; font-family: Montserrat;\">Hizmet Yeterlilik Belgesi<\/h3>\n<p style=\"text-align: left; font-family: Montserrat;\">Uzun y\u0131llard\u0131r hizmet kalitemizi yans\u0131tan belgemiz.<\/p>\n<p>[\/vc_column_text][\/vc_column][\/vc_row]<\/p>\n","protected":false},"excerpt":{"rendered":"<p>[vc_row][vc_column][vc_column_text css_animation=&#8221;fadeInLeft&#8221;] Kurumsal [\/vc_column_text][vc_row_inner css=&#8221;.vc_custom_1613127368846{margin-bottom: 32px !important;}&#8221;][vc_column_inner][vc_column_text css_animation=&#8221;fadeInRight&#8221;] Kalite Politikam\u0131z Y\u00fcksek kalitede \u00fcr\u00fcnler \u00fcreterek evlerinde bulunmaktan mutluluk duydu\u011fumuz nihai t\u00fcketicilerimizin<\/p>\n","protected":false},"author":1,"featured_media":0,"parent":0,"menu_order":0,"comment_status":"closed","ping_status":"closed","template":"","meta":{"footnotes":""},"_links":{"self":[{"href":"https:\/\/nliven.com.tr\/index.php?rest_route=\/wp\/v2\/pages\/1804"}],"collection":[{"href":"https:\/\/nliven.com.tr\/index.php?rest_route=\/wp\/v2\/pages"}],"about":[{"href":"https:\/\/nliven.com.tr\/index.php?rest_route=\/wp\/v2\/types\/page"}],"author":[{"embeddable":true,"href":"https:\/\/nliven.com.tr\/index.php?rest_route=\/wp\/v2\/users\/1"}],"replies":[{"embeddable":true,"href":"https:\/\/nliven.com.tr\/index.php?rest_route=%2Fwp%2Fv2%2Fcomments&post=1804"}],"version-history":[{"count":14,"href":"https:\/\/nliven.com.tr\/index.php?rest_route=\/wp\/v2\/pages\/1804\/revisions"}],"predecessor-version":[{"id":1822,"href":"https:\/\/nliven.com.tr\/index.php?rest_route=\/wp\/v2\/pages\/1804\/revisions\/1822"}],"wp:attachment":[{"href":"https:\/\/nliven.com.tr\/index.php?rest_route=%2Fwp%2Fv2%2Fmedia&parent=1804"}],"curies":[{"name":"wp","href":"https:\/\/api.w.org\/{rel}","templated":true}]}}